{"id":198,"date":"2015-12-20T07:47:56","date_gmt":"2015-12-20T07:47:56","guid":{"rendered":"http:\/\/webredox.net\/demo\/wp\/dogma\/demo1\/?page_id=187"},"modified":"2022-05-26T09:29:34","modified_gmt":"2022-05-26T09:29:34","slug":"about","status":"publish","type":"page","link":"http:\/\/s-creative.vn\/sc2\/index.php\/about\/","title":{"rendered":"Gi\u1edbi thi\u1ec7u"},"content":{"rendered":"<p>[vc_row][vc_column]<div class=\"fixed-column\"><div class=\"bg\" style=\"background-image:url(http:\/\/s-creative.vn\/sc2\/wp-content\/uploads\/2020\/10\/1.jpg)\" ><\/div><\/div><div class=\"wrapper-inner wr-about-cotainer\"><div class=\"align-content\"><section><div class=\"container small-container\"><h3 class=\"dec-text\">S CREATIVE<\/h3><p><strong>S Creative<\/strong> &#8211; s\u1ef1 k\u1ebft h\u1ee3p c\u1ee7a \u201cSimple\u201d &amp; \u201dCreative\u201d. Hai kh\u00e1i ni\u1ec7m t\u01b0\u1edfng ch\u1eebng nh\u01b0 tr\u00e1i ng\u01b0\u1ee3c ho\u00e0n to\u00e0n nh\u01b0ng khi c\u00e2n \u0111\u1ed1i v\u00e0 dung ho\u00e0 \u0111\u01b0\u1ee3c v\u1edbi nhau s\u1ebd t\u1ea1o n\u00ean m\u1ed9t t\u1ed5ng th\u1ec3 ho\u00e0n h\u1ea3o, c\u0103n nh\u00e0 c\u1ee7a b\u1ea1n c\u0169ng v\u1eady.<br \/>\nCh\u00fang t\u00f4i mong mu\u1ed1n S Creative s\u1ebd tr\u1edf th\u00e0nh c\u00e1i t\u00ean \u0111\u1ea7u ti\u00ean \u0111\u01b0\u1ee3c c\u00e1c b\u1ea1n l\u1ef1a ch\u1ecdn khi t\u00ecm ki\u1ebfm d\u1ecbch v\u1ee5 v\u1ec1 ki\u1ebfn tr\u00fac-n\u1ed9i th\u1ea5t chuy\u00ean nghi\u1ec7p v\u00e0 \u0111\u00e1ng tin c\u1eady.<br \/>\nCh\u00fang t\u00f4i b\u1eaft \u0111\u1ea7u c\u00f4ng vi\u1ec7c b\u1eb1ng nh\u1eefng ti\u00eau ch\u00ed sau:<br \/>\n<strong>Minimalism<\/strong> |\u00a0 S\u1ef1 tinh t\u1ebf trong t\u1eebng s\u1ea3n ph\u1ea9m<br \/>\n<strong>Quality<\/strong> | Ch\u1ea5t l\u01b0\u1ee3ng \u0111\u01b0\u1ee3c \u0111\u1eb7t l\u00ean h\u00e0ng \u0111\u1ea7u<br \/>\n<strong>Lasting<\/strong> | S\u1ef1 b\u1ec1n v\u1eefng c\u1eeda thi\u1ebft k\u1ebf v\u00e0 thi c\u00f4ng<\/p>\n<p>M\u1ee5c ti\u00eau cu\u1ed1i c\u00f9ng c\u1ee7a ch\u00fang t\u00f4i l\u00e0 l\u00e0m h\u00e0i l\u00f2ng kh\u00e1ch h\u00e0ng v\u00e0 gi\u00fap h\u1ecd x\u00e2y d\u1ef1ng n\u00ean c\u0103n nh\u00e0 m\u01a1 \u01b0\u1edbc.<\/p>\n<p><strong>S CREATIVE<\/strong><\/p>\n<p>Architecture | Interior<\/p>\n<p>P: 0903 701 075 ( Mr \u0110\u1ee9c )<\/p>\n<p>E: info@s-creative.vn<\/p>\n<p>W: s-creative.vn<\/p>\n<p>Thank and best regards<\/p><a href=\"http:\/\/s-creative.vn\/sc2\/index.php\/style-1\/\" class=\"ajax btn anim-button   trans-btn   transition  fl-l\" target=\"_blank\" rel=\"noopener noreferrer\"><span>Our projects<\/span><i class=\"fa fa-eye\"><\/i><\/a><\/div><\/section><\/div><\/div>[\/vc_column][\/vc_row]<\/p>\n","protected":false},"excerpt":{"rendered":"<p>[vc_row][vc_column][\/vc_column][\/vc_row]<\/p>\n","protected":false},"author":1,"featured_media":0,"parent":0,"menu_order":0,"comment_status":"closed","ping_status":"closed","template":"","meta":{"footnotes":""},"_links":{"self":[{"href":"http:\/\/s-creative.vn\/sc2\/index.php\/wp-json\/wp\/v2\/pages\/198"}],"collection":[{"href":"http:\/\/s-creative.vn\/sc2\/index.php\/wp-json\/wp\/v2\/pages"}],"about":[{"href":"http:\/\/s-creative.vn\/sc2\/index.php\/wp-json\/wp\/v2\/types\/page"}],"author":[{"embeddable":true,"href":"http:\/\/s-creative.vn\/sc2\/index.php\/wp-json\/wp\/v2\/users\/1"}],"replies":[{"embeddable":true,"href":"http:\/\/s-creative.vn\/sc2\/index.php\/wp-json\/wp\/v2\/comments?post=198"}],"version-history":[{"count":11,"href":"http:\/\/s-creative.vn\/sc2\/index.php\/wp-json\/wp\/v2\/pages\/198\/revisions"}],"predecessor-version":[{"id":894,"href":"http:\/\/s-creative.vn\/sc2\/index.php\/wp-json\/wp\/v2\/pages\/198\/revisions\/894"}],"wp:attachment":[{"href":"http:\/\/s-creative.vn\/sc2\/index.php\/wp-json\/wp\/v2\/media?parent=198"}],"curies":[{"name":"wp","href":"https:\/\/api.w.org\/{rel}","templated":true}]}}